 2*h - 6, 5*h = -3*p - 22. What are the prime factors of (17/2)/(p/2)?
17
Let j(o) be the third derivative of o**6/120 - 2*o**5/15 + 5*o**4/12 - 3*o**3/2 + 8*o**2. What are the prime factors of j(8)?
71
Suppose 65*g + 1010 = 70*g. What are the prime factors of g?
2, 101
List the prime factors of 270/3645 - ((-91418)/27)/2.
1693
Let n be (-277)/(-5) + (-2)/5. Suppose z - n = -4*b + 2*z, 0 = 4*b - 2*z - 50. Let u = b - -7. What are the prime factors of u?
2, 11
Let x = -1342 + 3807. What are the prime factors of (17/5 + -1)*x/34?
2, 3, 29
Suppose -5 = -2*k - 5*p - 1, -5*k + 10 = 4*p. Suppose 5*z - 45 = -0*z. Suppose 273 = -k*n + z*n. What are the prime factors of n?
3, 13
Suppose -4*d + v + 385 = 0, -3*d + 5*v + 342 = 49. Suppose y = r + d, -3*r = -3 - 0. List the prime factors of y.
97
Suppose -7*g = -4434 + 948. List the prime factors of g.
2, 3, 83
Suppose g = -256 + 986. What are the prime factors of g?
2, 5, 73
List the prime factors of ((-5894)/(-56))/((4/32)/1).
2, 421
Suppose 5 = 4*n + n. List the prime factors of 5222/84 - n/6.
2, 31
Let c be (8/(-2) - -4)/1. Suppose -3*s - 30 = 3*t, -2*t + c*s - 28 = 4*s. What are the prime factors of -3*(124/t - 0)?
2, 31
Suppose -52 - 220 = 4*y. List the prime factors of 2 - y - (-3 - -3)/1.
2, 5, 7
Let m(z) = 2*z**3 - 6*z**2 + 18*z + 17. What are the prime factors of m(9)?
1151
Let d be 2*6/4*(-1211)/21. Let i = d + 262. What are the prime factors of i?
89
What are the prime factors of ((-14)/224*-148)/(2/296)?
37
What are the prime factors of ((-1834)/28)/((-2)/4)?
131
Suppose -4*c + 13 = -3*z, -3*c + 11 = -0*z - z. Let i(x) = 3*x + 4. Let l(t) = t. Let d(b) = z*i(b) - 5*l(b). What are the prime factors of d(-3)?
2, 5
Suppose -71*c + 65*c = -3036. What are the prime factors of c?
2, 11, 23
What are the prime factors of (201/(-2) - -6)*-4?
2, 3, 7
Let l(f) = -f**3 - 6*f**2 + 6*f - 5. Let w be l(-7). Suppose -53 = 2*s + p, -4*p = w*s - p + 59. What are the prime factors of (230/s)/(-2)*5?
23
Let s = 4 - 1. Suppose -r - u + 8 = 3, 0 = -s*r - 4*u + 20. Suppose -4*i + 9 = -k, -3*i = -k - r - 7. What are the prime factors of i?
2
Suppose -12*c + 39756 = -0*c. List the prime factors of c.
3313
Suppose -9*i + 178 = -7*i. Let r = i - 48. What are the prime factors of r?
41
Suppose i - 3*i - 1618 = -5*z, -8 = 2*i. What are the prime factors of z?
2, 7, 23
Suppose -7*i + 3*i = -984. Let o = 389 - i. What are the prime factors of o?
11, 13
Let i(u) = -15*u + 14. List the prime factors of i(-1).
29
Suppose 0 = -i + 2, 5*h = -3*i + 33 - 122. Let a = h - -6. Let d = -7 - a. List the prime factors of d.
2, 3
Suppose -w + 2*a + 36 = -0*w, 0 = a + 3. Suppose -5*u + 3*j = 4*j - 30, 5*u = -5*j + w. Let v = u - -24. What are the prime factors of v?
2, 3, 5
Let j(r) be the third derivative of r**5/60 - 5*r**4/24 + 4*r**3/3 - 12*r**2. Let k be (-44)/(-10) - (-6)/10. List the prime factors of j(k).
2
Let d = -11 + 7. Let l(v) = 5*v**2 + 3*v - 1. List the prime factors of l(d).
67
Let n(o) = -o**3 + 4*o**2 + o - 1. Let q be n(4). Suppose -3*i + 4*x - 66 = 0, 0*x = 2*i - q*x + 45. Let h = 22 + i. List the prime factors of h.
2
Suppose 681 + 979 = 4*v. List the prime factors of v.
5, 83
Suppose -8 = 3*d + 4*j, 5*d + j = -j + 10. Suppose d*n = 12*n - 704. What are the prime factors of n?
2, 11
Let o = 1193 - 227. What are the prime factors of o?
2, 3, 7, 23
Let n = 64 + 31. Let f = n + 19. List the prime factors of f.
2, 3, 19
Suppose -r + 188 = 3*k - 143, 4*k = -2*r + 666. Suppose -p - 3*s + 14 = -47, 5*p - s = r. List the prime factors of p.
67
Let g(x) = 498*x. What are the prime factors of g(1)?
2, 3, 83
Suppose -x + 5*k - 19 = -2*x, 2*x - 23 = -5*k. List the prime factors of (-3 + -38)/(3 - x).
41
Suppose 1450 = 4*j - 2*p - 1480, p = -4*j + 2915. Suppose 4*c = 9*c - j. Suppose -n = -5*n + t + c, 0 = -t - 2. List the prime factors of n.
2, 3
Suppose 35305 = 6*s + 17*s. List the prime factors of s.
5, 307
What are the prime factors of 5/(-1) - (-1 + -5 - 262)?
263
Let o(d) be the third derivative of -37*d**4/4 + d**3/2 - 7*d**2. List the prime factors of o(-1).
3, 5
List the prime factors of 18290/217 - (2 - (-36)/(-21)).
2, 3, 7
List the prime factors of 892/8*2 + 1 - 0.
2, 7
Suppose -20*n + 12048 = -4*n. List the prime factors of n.
3, 251
Let i = -192 - -315. List the prime factors of i.
3, 41
Let x(u) = u**2 + u - 8. Let t be -1 + (-18)/(-9) + (-4)/(-1). What are the prime factors of x(t)?
2, 11
Let k(t) = 7*t**3 - 4*t + 2. Let f(m) = 6*m**3 - 5*m + 3. Let c(u) = -3*f(u) + 4*k(u). List the prime factors of c(2).
7, 11
Let q = 1507 + -681. What are the prime factors of q?
2, 7, 59
Let b = 202 - 186. List the prime factors of b.
2
Let v(b) = 2*b + 138. List the prime factors of v(-8).
2, 61
Suppose g = j - 6, 5*j = 2*g + 11 + 1. Let r = -57 - -81. Let w = g + r. What are the prime factors of w?
2, 3
List the prime factors of 95/(-19)*1*-226.
2, 5, 113
Let l = 386 - 359. List the prime factors of l.
3
Let u(v) = v + 7. Let r be u(-5). Suppose r*n - 8 = 4. Suppose 26 = h - 2*c, 2*c - n*c + 44 = 4*h. List the prime factors of h.
2
Suppose -2*q + 3*q = 5. Suppose -4*y = -q*y + 22. Suppose 0 = -m - m + y. What are the prime factors of m?
11
Let s = 7 - 21. What are the prime factors of 601/12 + s/168?
2, 5
Let m = -136 + 601. List the prime factors of m/5 + -1*4.
89
Let f be (33 - -5)*2/4. Suppose f*y + 4 = 15*y. List the prime factors of y/(-2 - (-228)/116).
29
Suppose b = -2*g + 12 + 3, -5*g = b - 30. Suppose -g*a + 19 = r - 293, -10 = -5*r. List the prime factors of a.
2, 31
Let a = -1222 + 3670. What are the prime factors of a?
2, 3, 17
Let u be ((-4)/8)/((-3)/48). Let f(p) = -p**2 + 4*p + 8. Let i be f(u). Let z = i - -71. List the prime factors of z.
47
Let r be ((-4)/10)/(4*2/(-40)). Suppose 5*h = 4*d - 67, 5*h + 22 = r*d + 1. List the prime factors of d.
23
Let f be ((-219)/4)/(140/(-64) - -2). Suppose 3*y - 4*g = 317, -3*y + 0*y - g + f = 0. What are the prime factors of y?
3, 11
Let f(i) = 197*i + 694. What are the prime factors of f(13)?
3, 5, 7, 31
Let g(p) = -490*p - 1264. What are the prime factors of g(-4)?
2, 3, 29
Let w = 5 - 8. List the prime factors of (-142)/(-5) + w/(-5).
29
Let z be (-18 - -14)/((-2)/16). Suppose q = 3*c + 68, -4*c = -4*q + 54 + 50. Let h = z + c. What are the prime factors of h?
11
Let z(f) = -4*f**2 - 1. Let y be z(1). Let l(v) = -v**2 - 8*v - 7. Let t be l(y). Suppose 6*q = 5*q + t. What are the prime factors of q?
2
Let n(f) be the third derivative of f**5/60 - f**4/24 + 5*f**3/2 - 7*f**2. What are the prime factors of n(0)?
3, 5
Let o(r) = 102*r**2 + 2*r - 5. List the prime factors of o(-2).
3, 7, 19
Let h(q) = 3*q + 24. Let y be h(-6). Suppose -y*n + 186 = -0*n. What are the prime factors of n?
31
Let c = 23 - 20. Let i(f) = 5 + 2 + 2*f + 2*f. List the prime factors of i(c).
19
Suppose 4*i + i = 0. Suppose k - 3*p + 8 = 5*k, 4*k + p = 16. Suppose i = -k*j + 94 + 36. List the prime factors of j.
2, 13
Suppose -3*o - 3*l = 28 + 26, -o - 2 = -3*l. Suppose 0 = -c + 5*c - 8. Let z = c - o. List the prime factors of z.
2
Let h(g) = 16*g**3 - g**2 + g. Let j be h(1). Suppose 6*w = 2*w - 5*z - j, 3*z + 12 = 0. List the prime factors of ((-1)/3)/(w/(-231)).
7, 11
Suppose 11*z + 332 = -1802. Let t = z - -383. What are the prime factors of t?
3, 7
Suppose -2500 - 8207 = -3*u + 3*z, -u - 2*z + 3572 = 0. List the prime factors of ((-24)/14)/((-60)/u).
2, 3, 17
Suppose -5*w = -46 - 14. Suppose -14*v + 184 = -w*v. List the prime factors of v.
2, 23
List the prime factors of (40/(-24))/((-2)/1380).
2, 5, 23
Let n = -4585 - -6456. List the prime factors of n.
1871
Suppose 69 = -2*q + 219. What are the prime factors of q?
3, 5
Suppose -5*b + 16*b = 1958. List the prime factors of b.
2, 89
Let c(a) = -8*a - 1. Suppose -d + 42 = -3*d. Let v = 16 + d. List the prime factors of c(v).
3, 13
Suppose d + 437 = -8*o + 3*o, -252 = 3*o + 4*d. Let a = -45 - o. List the prime factors of a.
43
Suppose 3*d = -23 + 263. Suppose -325 = -5*y + 5*t, 4*t = -y - 0*t + d. What are the prime factors of y?
2, 17
Suppose 52*d - 57616 - 205036 = 0. List the prime factors of d.
5051
Let r be (41/(-2)*-2)/(-1). Let u(k) = -k**2 - 7*k + 7. Let g be u(-10). Let i = g - r. What are the prime factors of i?
2, 3
Let z = -873 